tors of 1793?
11, 163
What are the prime factors of 1508?
2, 13, 29
What are the prime factors of 22504?
2, 29, 97
List the prime factors of 56773.
56773
What are the prime factors of 107058?
2, 3, 7, 2549
What are the prime factors of 8572?
2, 2143
What are the prime factors of 9700?
2, 5, 97
List the prime factors of 2835.
3, 5, 7
List the prime factors of 27757.
41, 677
What are the prime factors of 10393?
19, 547
What are the prime factors of 26246?
2, 11, 1193
List the prime factors of 60768.
2, 3, 211
List the prime factors of 1913.
1913
List the prime factors of 1859.
11, 13
What are the prime factors of 31439?
149, 211
What are the prime factors of 529?
23
What are the prime factors of 2352?
2, 3, 7
What are the prime factors of 667?
23, 29
What are the prime factors of 42930?
2, 3, 5, 53
List the prime factors of 1307.
1307
What are the prime factors of 13772?
2, 11, 313
List the prime factors of 36800.
2, 5, 23
List the prime factors of 5087.
5087
What are the prime factors of 613?
613
List the prime factors of 10332.
2, 3, 7, 41
What are the prime factors of 102641?
7, 11, 31, 43
What are the prime factors of 31680?
2, 3, 5, 11
What are the prime factors of 2060?
2, 5, 103
What are the prime factors of 15398?
2, 7699
What are the prime factors of 99270?
2, 3, 5, 1103
List the prime factors of 1768.
2, 13, 17
List the prime factors of 8388.
2, 3, 233
List the prime factors of 2047.
23, 89
List the prime factors of 13443.
3, 4481
What are the prime factors of 3420?
2, 3, 5, 19
List the prime factors of 136647.
3, 7, 241
List the prime factors of 9762.
2, 3, 1627
What are the prime factors of 505?
5, 101
List the prime factors of 19613.
11, 1783
What are the prime factors of 125917?
11, 11447
What are the prime factors of 9871?
9871
List the prime factors of 21992.
2, 2749
List the prime factors of 38450.
2, 5, 769
List the prime factors of 2356.
2, 19, 31
What are the prime factors of 30430?
2, 5, 17, 179
What are the prime factors of 79?
79
What are the prime factors of 5929?
7, 11
List the prime factors of 20751.
3, 6917
What are the prime factors of 8472?
2, 3, 353
List the prime factors of 373.
373
What are the prime factors of 68276?
2, 13, 101
What are the prime factors of 14142?
2, 3, 2357
List the prime factors of 6286.
2, 7, 449
List the prime factors of 9621.
3, 1069
What are the prime factors of 131?
131
List the prime factors of 6195.
3, 5, 7, 59
List the prime factors of 66489.
3, 37, 599
What are the prime factors of 21?
3, 7
List the prime factors of 44384.
2, 19, 73
List the prime factors of 71267.
7, 10181
What are the prime factors of 22786?
2, 11393
What are the prime factors of 40878?
2, 3, 757
List the prime factors of 531.
3, 59
List the prime factors of 6667.
59, 113
List the prime factors of 1064.
2, 7, 19
List the prime factors of 14485.
5, 2897
List the prime factors of 2322.
2, 3, 43
List the prime factors of 8715.
3, 5, 7, 83
What are the prime factors of 87?
3, 29
What are the prime factors of 2493?
3, 277
List the prime factors of 19.
19
What are the prime factors of 441?
3, 7
List the prime factors of 5667.
3, 1889
List the prime factors of 354.
2, 3, 59
What are the prime factors of 10334?
2, 5167
What are the prime factors of 18819?
3, 17, 41
What are the prime factors of 815?
5, 163
List the prime factors of 34724.
2, 8681
What are the prime factors of 24322?
2, 12161
What are the prime factors of 3751?
11, 31
List the prime factors of 3742.
2, 1871
What are the prime factors of 42069?
3, 37, 379
List the prime factors of 12939.
3, 19, 227
List the prime factors of 197442.
2, 3, 7, 1567
What are the prime factors of 48304?
2, 3019
List the prime factors of 1420.
2, 5, 71
What are the prime factors of 1273?
19, 67
What are the prime factors of 552?
2, 3, 23
List the prime factors of 12727.
11, 13, 89
List the prime factors of 5737.
5737
What are the prime factors of 13052?
2, 13, 251
List the prime factors of 5716.
2, 1429
What are the prime factors of 30584?
2, 3823
List the prime factors of 13078.
2, 13, 503
List the prime factors of 17895.
3, 5, 1193
What are the prime factors of 134433?
3, 13, 383
What are the prime factors of 6461?
7, 13, 71
List the prime factors of 1069.
1069
List the prime factors of 2960.
2, 5, 37
What are the prime factors of 44761?
17, 2633
List the prime factors of 858.
2, 3, 11, 13
What are the prime factors of 31435?
5, 6287
What are the prime factors of 1394?
2, 17, 41
List the prime factors of 5854.
2, 2927
List the prime factors of 81547.
81547
List the prime factors of 353.
353
List the prime factors of 2150.
2, 5, 43
What are the prime factors of 6299?
6299
What are the prime factors of 18021?
3, 6007
What are the prime factors of 6275?
5, 251
List the prime factors of 27.
3
List the prime factors of 1644.
2, 3, 137
What are the prime factors of 17411?
23, 757
List the prime factors of 605.
5, 11
List the prime factors of 5770.
2, 5, 577
What are the prime factors of 6553?
6553
List the prime factors of 22597.
59, 383
List the prime factors of 285.
3, 5, 19
What are the prime factors of 70722?
2, 3, 3929
What are the prime factors of 2243?
2243
List the prime factors of 8125.
5, 13
What are the prime factors of 226?
2, 113
List the prime factors of 1070.
2, 5, 107
List the prime factors of 463.
463
List the prime factors of 673.
673
List the prime factors of 421.
421
What are the prime factors of 14953?
19, 787
List the prime factors of 1001.
7, 11, 13
List the prime factors of 38030.
2, 5, 3803
What are the prime factors of 97113?
3, 32371
List the prime factors of 116758.
2, 58379
List the prime factors of 107262.
2, 3, 59, 101
List the prime factors of 8651.
41, 211
List the prime factors of 8206.
2, 11, 373
List the prime factors of 1340.
2, 5, 67
What are the prime factors of 38947?
17, 29, 79
List the prime factors of 2629.
11, 239
What are the prime factors of 1182?
2, 3, 197
What are the prime factors of 518?
2, 7, 37
What are the prime factors of 12676?
2, 3169
What are the prime factors of 3914?
2, 19, 103
List the prime factors of 1047.
3, 349
What are the prime factors of 4996?
2, 1249
List the prime factors of 2122.
2, 1061
What are the prime factors of 1689?
3, 563
What are the prime factors of 941?
941
What are the prime factors of 983?
983
List the prime factors of 395.
5, 79
List the prime factors of 5907.
3, 11, 179
What are the prime factors of 617?
617
List the prime factors of 3764.
2, 941
List the prime factors of 16531.
61, 271
List the prime factors of 5910.
2, 3, 5, 197
What are the prime factors of 23227?
23227
What are the prime factors of 1541?
23, 67
List the prime factors of 984.
2, 3, 41
What are the prime factors of 4187?
53, 79
List the prime factors of 166.
2, 83
What are the prime factors of 2982?
2, 3, 7, 71
List the prime factors of 2464.
2, 7, 11
What are the prime factors of 17180?
2, 5, 859
List the prime factors of 4224.
2, 3, 11
What are the prime factors of 20279?
7, 2897
List the prime factors of 3018.
2, 3, 503
List the prime factors of 13336.
2, 1667
List the prime factors of 62645.
5, 11, 17, 67
What are the prime factors of 3023?
3023
What are the prime factors of 9859?
9859
List the prime factors of 529.
23
What are the prime factors of 516?
2, 3, 43
What are the prime factors of 37939?
11, 3449
List the prime factors of 26579.
7, 3797
What are the prime factors of 277?
277
What are the prime factors of 410?
2, 5, 41
List the prime factors of 2289.
3, 7, 109
What are the prime factors of 2015?
5, 13, 31
List the prime factors of 284.
2, 71
What are the prime factors of 4458?
2, 3, 743
What are the prime factors of 2357?
2357
List the prime factors of 5513.
37, 149
What are the prime factors of 13826?
2, 31, 223
What are the prime factors of 10091?
10091
What are the prime factors of 14896?
2, 7, 19
What are the prime factors of 5056?
2, 79
List the prime factors of 29272.
2, 3659
List the prime factors of 25154.
2, 12577
What are the prime factors of 65222?
2, 32611
List the prime factors of 3965.
5, 13, 61
List the prime factors of 251.
251
What are the prime factors of 1185?
3, 5, 79
What are the prime factors of 339?
3, 113
What are the prime factors of 17032?
2, 2129
List the prime factors of 3168.
2, 3, 11
Li